the remainder when 12064971 is divided by 6.
3
What is the remainder when 60144971 is divided by 33?
29
Calculate the remainder when 7924335 is divided by 240.
15
Calculate the remainder when 4727788 is divided by 33769.
128
What is the remainder when 356297 is divided by 6245?
332
What is the remainder when 1733519 is divided by 247636?
67
What is the remainder when 10760998 is divided by 262463?
15
What is the remainder when 528408 is divided by 21?
6
What is the remainder when 83480 is divided by 3348?
3128
Calculate the remainder when 1014901 is divided by 328.
69
What is the remainder when 361616 is divided by 685?
621
What is the remainder when 53566 is divided by 13363?
114
Calculate the remainder when 13146480 is divided by 566.
564
Calculate the remainder when 1240493 is divided by 6394.
57
What is the remainder when 256538 is divided by 128226?
86
Calculate the remainder when 847558 is divided by 2401.
5
What is the remainder when 1203895 is divided by 591?
28
Calculate the remainder when 13289819 is divided by 1781.
1778
What is the remainder when 56880 is divided by 9230?
1500
Calculate the remainder when 6800490 is divided by 938.
928
What is the remainder when 146988 is divided by 1793?
1755
What is the remainder when 405061 is divided by 202464?
133
What is the remainder when 1518089 is divided by 210?
209
Calculate the remainder when 59402875 is divided by 159.
157
What is the remainder when 379394 is divided by 6902?
6686
What is the remainder when 9553435 is divided by 955343?
5
What is the remainder when 5344091 is divided by 1219?
1214
What is the remainder when 3406714 is divided by 4329?
4120
Calculate the remainder when 7735414 is divided by 10.
4
Calculate the remainder when 3407607 is divided by 23.
19
Calculate the remainder when 543458271 is divided by 112.
111
Calculate the remainder when 127447 is divided by 46.
27
Calculate the remainder when 36271706 is divided by 12090524.
134
What is the remainder when 1420563 is divided by 14349?
12
Calculate the remainder when 2116281 is divided by 755.
16
Calculate the remainder when 22326502 is divided by 3558.
52
Calculate the remainder when 1422414 is divided by 515.
499
Calculate the remainder when 632700 is divided by 261.
36
Calculate the remainder when 6922 is divided by 331.
302
What is the remainder when 5307004 is divided by 230739?
7
Calculate the remainder when 1573176 is divided by 1570.
36
Calculate the remainder when 8413250 is divided by 35.
20
What is the remainder when 45896427 is divided by 41724?
27
Calculate the remainder when 713995 is divided by 118999.
1
What is the remainder when 43518 is divided by 6060?
1098
What is the remainder when 52896967 is divided by 35?
32
What is the remainder when 20931355 is divided by 15?
10
Calculate the remainder when 2505225 is divided by 11234.
43
Calculate the remainder when 579207 is divided by 154.
13
What is the remainder when 212980 is divided by 42561?
175
What is the remainder when 132990803 is divided by 142?
135
Calculate the remainder when 1422839 is divided by 433.
1
Calculate the remainder when 5272281 is divided by 695.
11
Calculate the remainder when 1375127 is divided by 430.
417
What is the remainder when 15262896 is divided by 15262891?
5
Calculate the remainder when 5021718 is divided by 313854.
54
Calculate the remainder when 57029 is divided by 4144.
3157
What is the remainder when 29138484 is divided by 832525?
109
What is the remainder when 16342898 is divided by 3268565?
73
Calculate the remainder when 317628 is divided by 719.
549
What is the remainder when 1563254 is divided by 158?
2
Calculate the remainder when 3042260 is divided by 642.
464
Calculate the remainder when 2338031 is divided by 7591.
3
Calculate the remainder when 629388 is divided by 314682.
24
What is the remainder when 127564968 is divided by 37?
31
What is the remainder when 39712099 is divided by 190?
9
Calculate the remainder when 119634 is divided by 3446.
2470
Calculate the remainder when 121097 is divided by 3071.
1328
What is the remainder when 424526395 is divided by 270?
265
What is the remainder when 2348527 is divided by 29356?
47
What is the remainder when 1344335 is divided by 1926?
1913
Calculate the remainder when 5599124 is divided by 79.
78
Calculate the remainder when 5302799 is divided by 54.
53
What is the remainder when 53425744 is divided by 7632244?
36
What is the remainder when 1332 is divided by 1019?
313
Calculate the remainder when 3593786 is divided by 2688.
2618
What is the remainder when 11580070 is divided by 193001?
10
What is the remainder when 1051431 is divided by 116809?
150
What is the remainder when 69546 is divided by 34669?
208
What is the remainder when 263521 is divided by 263228?
293
Calculate the remainder when 168735108 is divided by 159.
15
What is the remainder when 29482888 is divided by 1431?
1426
Calculate the remainder when 230466 is divided by 115202.
62
What is the remainder when 22006352 is divided by 244515?
2
What is the remainder when 42514818 is divided by 47?
28
What is the remainder when 1026368 is divided by 16825?
43
Calculate the remainder when 93986837 is divided by 31328936.
29
Calculate the remainder when 5572735 is divided by 1393161.
91
Calculate the remainder when 80345165 is divided by 203.
201
Calculate the remainder when 135479 is divided by 261.
20
Calculate the remainder when 75859 is divided by 671.
36
What is the remainder when 309280 is divided by 38651?
72
What is the remainder when 279163401 is divided by 48?
9
Calculate the remainder when 55493 is divided by 2744.
613
Calculate the remainder when 23542344 is divided by 41230.
14
What is the remainder when 4356106 is divided by 3471?
1
Calculate the remainder when 17608 is divided by 48.
40
What is the remainder when 146137063 is divided by 8?
7
Calculate the remainder when 723165 is divided by 2133.
78
Calculate the remainder when 4266695 is divided by 137635.
10
What is the remainder when 27903748 is divided by 525?
523
Calculate the remainder when 19241 is divided by 9092.
1057
What is the remainder when 374808 is divided by 928?
824
What is the remainder when 4869513 is divided by 866?
861
What is the remainder when 34626079 is divided by 2960?
2959
Calculate the remainder when 1468250 is divided by 4381.
615
Calculate the remainder when 92706 is divided by 90998.
1708
What is the remainder when 3269603 is divided by 50301?
38
What is the remainder when 236355 is divided by 370?
295
Calculate the remainder when 459871 is divided by 114.
109
Calculate the remainder when 484648764 is divided by 1574.
1572
Calculate the remainder when 2748700 is divided by 4222.
178
Calculate the remainder when 4993979 is divided by 80.
59
Calculate the remainder when 20547142 is divided by 160.
102
What is the remainder when 32354416 is divided by 124440?
16
What is the remainder when 165190 is divided by 53712?
4054
Calculate the remainder when 48433262 is divided by 208764.
14
What is the remainder when 26226130 is divided by 1765?
1760
Calculate the remainder when 3087184 is divided by 1029061.
1
What is the remainder when 199000 is divided by 279?
73
What is the remainder when 432006 is divided by 221?
172
What is the remainder when 785492 is divided by 196234?
556
What is the remainder when 328098833 is divided by 38?
31
Calculate the remainder when 402210 is divided by 554.
6
What is the remainder when 4887834 is divided by 195513?
9
What is the remainder when 10440332 is divided by 93217?
28
Calculate the remainder when 2906860 is divided by 11672.
532
Calculate the remainder when 197106 is divided by 98544.
18
What is the remainder when 163363 is divided by 309?
211
Calculate the remainder when 249670 is divided by 348.
154
Calculate the remainder when 847184 is divided by 541.
519
What is the remainder when 173621 is divided by 86709?
203
Calculate the remainder when 1281291 is divided by 85.
1
What is the remainder when 40732 is divided by 802?
632
What is the remainder when 544315 is divided by 72?
67
What is the remainder when 8528 is divided by 1262?
956
What is the remainder when 24158 is divided by 11739?
680
What is the remainder when 17715 is divided by 250?
215
What is the remainder when